)?
2, 13
Let u(n) = 33*n**3 - n**2 - 2*n - 1. Let d be u(-1). List the prime factors of 4/(-22) - 204/d.
2, 3
Let x(b) = 5*b**2 + 2*b - 7. What are the prime factors of x(-3)?
2
Let r be 0/(2 + 1 + -2). Let w = 0 + 13. Suppose r = -h + 2*h - w. List the prime factors of h.
13
Let b(y) = 6*y**2 + 4*y - 5. List the prime factors of b(2).
3
Let s(k) = k**3 - 2*k**2 + 3*k - 2. Let h = 10 - 7. What are the prime factors of s(h)?
2
Suppose -4*y + 8 = 24. Let c(v) = -1 - 1 + 2*v - 1 + 5*v**2 + v**3 + 2. What are the prime factors of c(y)?
7
Suppose 0 = 5*g + 5*o - 27 + 87, 4*g + 42 = -o. What are the prime factors of (-4 - -6)*g/(-1)?
2, 5
What are the prime factors of (-17 - (-4 - -2))*-11?
3, 5, 11
Let q(z) = -39*z. List the prime factors of q(-1).
3, 13
Let j(z) = -z**3 - 5*z**2 + z + 7. Let m(s) = s + 1. Let q(v) = -9*v - 5. Let u(i) = 6*m(i) + q(i). Let h be u(2). List the prime factors of j(h).
2
Let q(k) = 5*k**2 + 4*k - 3. Let j be q(2). Let c = j + -14. List the prime factors of c.
11
Suppose -7*m + 30 = l - 2*m, 0 = 3*l - 3*m. List the prime factors of (4/5)/(1/l).
2
Let s(p) = -p + 4. Let c be s(0). Suppose 2*l + 21 = 3*r - l, -2*l = c. Suppose -r = -h - 2*o - 1, -3*h + 12 = 2*o. What are the prime factors of h?
2
Let d(m) = -m**3 + 8*m**2 - 5*m - 10. List the prime factors of d(5).
2, 5
Let y(t) = -t**3 + 7*t**2 + 5*t - 6. Suppose 4*j + 3*z - 16 = 0, 3 = 3*j - 2*z - 26. List the prime factors of y(j).
29
Suppose 0 = -4*r - 5*u - 234, -5*r - 2*u - 436 = -152. Let w = -40 - r. What are the prime factors of w?
2
Let o be (4 + -2)/((-2)/(-26)). Let t be (-45)/39 + 4/o. List the prime factors of (-19)/t + (-1 - 2).
2
Let m(k) = -k**3 + 14*k**2 - 10*k - 13. List the prime factors of m(12).
5, 31
Let p(o) = 10*o**2 + 4*o - 4. List the prime factors of p(3).
2, 7
Let y = 266 + -184. List the prime factors of y.
2, 41
Suppose -2*z = 2*z + 8. What are the prime factors of z/(-6)*21*1?
7
Suppose -4*s + 16 = 0, -3*v + 2*s = -49 - 72. Suppose -v = -3*y + 4*i, y = -4*y + 5*i + 65. What are the prime factors of y?
3
Suppose -5*y + 51 = v, -5*v + 297 = -0*y + 4*y. What are the prime factors of v?
61
Let z(q) = -2*q - 1. Let g be z(-1). Let d = g - 1. Suppose -x + 2 + 2 = d. List the prime factors of x.
2
Let c(v) be the first derivative of v**3/3 - 2*v**2 + 2*v - 7. Let a(g) = -g**2 + 7*g - 4. Let f be a(5). What are the prime factors of c(f)?
2, 7
Suppose 2*y = -0*y + 42. Suppose -98 = -5*i - d, 5*i - 71 - y = d. List the prime factors of i.
19
Let y = -32 - -89. List the prime factors of y.
3, 19
Suppose 3 + 177 = 3*n. Suppose 2*p - 5*p + 58 = 5*m, -5*m - 5*p + n = 0. Suppose -2*x + 4*f = m - 1, -3*x = -5*f + 10. What are the prime factors of x?
5
Let k = 21 + -17. List the prime factors of k.
2
Suppose 9*u = 4*u + 880. What are the prime factors of u?
2, 11
Let y(q) = -q + 1. Let m be y(-2). Suppose 3*c - c = m*h + 23, -19 = -4*c - 3*h. What are the prime factors of c?
7
Let r be 15/(-6) - 1/(-2). Let d(s) = -2*s. Let y be d(2). List the prime factors of (49/14)/(r/y).
7
Suppose -36 - 32 = -h. Suppose -4 = -3*n + h. What are the prime factors of n?
2, 3
Suppose 7*m - 145 = 2*m. Suppose -2*c + m = u - 4*c, -5*u - 3*c = -93. What are the prime factors of u?
3, 7
Let b(y) = 5*y + 1. Suppose -4*c + 4 = 2*l, l = -2*c - 4*l + 2. Let m be b(c). Suppose -2*p + 2 = d, -3*p - m = -p. What are the prime factors of d?
2
Let d(p) = 3*p + 5 + p + p**3 - p - 8*p**2 + 0*p. What are the prime factors of d(8)?
29
Suppose 54 = 5*p - 31. Suppose 0 = 5*u - 4*u - p. List the prime factors of u.
17
Let l = 8 + -6. Let g = 1 + -1. Let x = l + g. What are the prime factors of x?
2
Suppose 0 = 6*q - 2*q + o - 686, 0 = 3*q + 2*o - 517. What are the prime factors of q?
3, 19
Let t(k) = -k**3 - 17*k**2 - 48*k + 11. List the prime factors of t(-14).
5, 19
Suppose 0*u - 2*u - 28 = l, 3*u + 42 = 5*l. What are the prime factors of -3 - 7/(u/20)?
7
Let p(v) = 12*v**2 + 2*v - 2. Let x be p(2). Let g = x - 27. What are the prime factors of g?
23
Let d(f) = 4*f - 4. Let b(r) = -r - 1. Let u(v) = -2*b(v) + d(v). What are the prime factors of u(2)?
2, 5
Suppose -5*k + 54 = -46. Suppose 3*v + 2*v = k. List the prime factors of v.
2
Let s(f) = f**2 - 26. Let b be s(0). Let m be (6*1)/(5/30). Let g = m + b. What are the prime factors of g?
2, 5
Suppose -2*q + 6 = 5*s, -5*s + 4*q - 6 = 2*q. Suppose -k = -s*k - 18. What are the prime factors of k?
2, 3
Let p = -5 - -8. Let r(a) = 2*a**2 - 2*a - 3. List the prime factors of r(p).
3
Suppose 0*n - 2*n = -80. What are the prime factors of n?
2, 5
Let y = 117 - 45. Let a = y - 22. Suppose 6*n - n = -2*q + a, -n - q + 7 = 0. What are the prime factors of n?
2, 3
Let g be -1 + 1 + 1 + 23. Suppose -r - g = -3*r. What are the prime factors of r?
2, 3
Suppose 0 = 4*n + n - 1065. List the prime factors of n.
3, 71
Let v(l) = -304*l**3 + l**2 + 2*l + 2. List the prime factors of v(-1).
5, 61
Let w(y) = -y**2 + 22*y - 23. Let z be w(21). Let g = 0 + 1. What are the prime factors of (g/(-2))/(z/76)?
19
Let y = 35 - 21. Suppose y = 4*n - 46. Let c = -8 + n. List the prime factors of c.
7
Let g be (2/(-3))/(2/30). Let v(n) be the first derivative of -n**2/2 + 1. List the prime factors of v(g).
2, 5
Let i = -1 + 8. Let b = i - 4. What are the prime factors of b?
3
Suppose 33*n + 925 = 38*n. What are the prime factors of n?
5, 37
Let w(o) = -2*o**3 + o**2. Let i be w(-1). Let v = 16 - i. What are the prime factors of v?
13
Let p = -6 + 5. Let a(q) = -q**3 + 2*q**2 + q. What are the prime factors of a(p)?
2
What are the prime factors of (2/(-3))/(4/(-210))?
5, 7
List the prime factors of ((-35)/(-70))/(1/478).
239
Suppose -3*s - 274 = -1588. What are the prime factors of s?
2, 3, 73
List the prime factors of (112/(-5))/((-16)/280).
2, 7
Let d(w) = 11*w**3 + w**2 - 3*w + 5. Let q be d(2). Suppose -q = -3*o - u, o - 151 = -4*o - u. List the prime factors of o.
2, 3, 5
Let p be ((-3)/6)/(2/(-8)). Suppose d - 7 = -3, -3*f - p*d = -134. Suppose -j = 2*j - f. List the prime factors of j.
2, 7
Suppose -4*k = -3*q - 219, 3*q = -3*k + 32 + 127. What are the prime factors of k?
2, 3
Let w(k) = k**3 - 7*k**2 - 4*k - 8. Suppose -5*q + 33 = -7. List the prime factors of w(q).
2, 3
Suppose a - 70 = 2*p, -4*a - 5*p + 259 - 31 = 0. What are the prime factors of a?
2, 31
Let h = 317 - 183. List the prime factors of h.
2, 67
Let f(g) = 2*g**2 - 4*g. Let x be f(5). Let m = 46 - x. List the prime factors of m.
2
Suppose -i + 35 + 2 = 0. What are the prime factors of i?
37
Let q(d) = -2*d**2 - 2*d + 4. List the prime factors of q(0).
2
Let s(c) = 11*c**2 - 3*c + 8. Let u(g) = 4*g**2 - g + 3. Let m(j) = 3*s(j) - 8*u(j). Suppose 5*i = 6 + 9. What are the prime factors of m(i)?
2, 3
Let r = -187 + 328. Suppose 4*b - 27 = r. What are the prime factors of b?
2, 3, 7
Suppose 0 = -5*q + 2*f - 0*f - 77, -5*q - 2*f - 93 = 0. List the prime factors of q/(-2)*(-16)/(-8).
17
Let s(d) = 3*d + 1. Let n be s(-3). Let z = 7 - n. What are the prime factors of z?
3, 5
Suppose -5*k - c + 348 + 345 = 0, -270 = -2*k - 4*c. List the prime factors of k.
139
Let g = -22 - -2. Let l be g/(-6) + (-1)/3. Suppose 4*b + 13 = 3*s + l, 5*b + 7 = s. List the prime factors of s.
2
Let s = -39 + 23. Let f be (s*1)/(6/(-6)). Suppose -3*z = z - f. List the prime factors of z.
2
Let y(n) = n + 11. Let v be y(-6). Suppose -l = l - 4*b, -l = -v*b. Suppose l = -2*j + 5 + 21. List the prime factors of j.
13
Let h = 5 - 10. Let a = h - -17. List the prime factors of a.
2, 3
Suppose 4*z + 76 = 3*g, 4*z - 28 = -2*g + z. List the prime factors of g.
2, 5
Let c(m) = -2*m. Let h(w) = w**2 + 2*w + 1. Suppose 2*d = 7*d - 10. Let l(t) = d*h(t) + 4*c(t). List the prime factors of l(2).
2
Suppose 5*v + 2*p - 183 = 4*p, -58 = -2*v - 3*p. What are the prime factors of v?
5, 7
Let w(b) = -b**2 - b + 6. List the prime factors of w(0).
2, 3
Let r = 53 - 30. List the prime factors of r.
23
Let p = -135 - -190. List the prime factors of p.
5, 11
Let o(i) = -i**3 + 8*i**2 - 5*i - 1. What are the prime factors of o(7)?
13
List the prime factors of 4 + -4 + 3 + 135.
2, 3, 23
Let c be 2/7 - 80/(-14). What are the prime factors of 52/c - (-4)/(-6)?
2
Let w(h) = -7*h**2 + h + 1. Let c be w(2). Let m = c - -42. Let t = m - 7. What are the prim